{"id":1548,"date":"2024-10-23T09:56:44","date_gmt":"2024-10-23T09:56:44","guid":{"rendered":"https:\/\/www.inlo.fr\/avocats\/damien-basson-avocat\/"},"modified":"2026-03-16T10:58:58","modified_gmt":"2026-03-16T10:58:58","slug":"damien-basson-avocat","status":"publish","type":"avocats","link":"https:\/\/www.inlo.fr\/en\/avocats\/damien-basson-avocat\/","title":{"rendered":"Damien Basson"},"content":{"rendered":"\n<p>Damien Basson specialises in tax and corporate law (venture capital). Before becoming a partner at INLO Avocats, he worked for several years at the leading law firm CMS Francis Lefebvre Avocats.<\/p>\n\n\n\n<p>Damien is a graduate of HEC Paris, where he is currently a lecturer, and holds a Master&#8217;s degree in Business Law and Taxation from the Sorbonne and a Postgraduate Diploma in Accounting and Management (DSCG). He is particularly involved in capital raising operations, the structuring of management packages (in particular BSPCEs) or directors&#8217; remuneration and assets, disposals\/acquisitions, corporate tax restructuring (partial contributions of assets, mergers, etc.) and tax litigation.<\/p>\n\n\n\n<p>Thanks to his entrepreneurial spirit and his business school studies, Damien Basson is renowned for his pragmatism, his understanding of his clients&#8217; business issues and his ability to think outside the box and provide tailor-made, actionable advice.<\/p>\n\n\n\n<p>In his spare time, he torments the tatami mats with karate and sets the dance floors on fire with his lindy hop moves. Hyperactive? Yes, considering he&#8217;s also a triathlete.<\/p>\n","protected":false},"author":225,"featured_media":1173,"template":"","class_list":["post-1548","avocats","type-avocats","status-publish","has-post-thumbnail","hentry"],"acf":[],"yoast_head":"<!-- This site is optimized with the Yoast SEO plugin v27.3 - https:\/\/yoast.com\/product\/yoast-seo-wordpress\/ -->\n<title>Damien Basson - Avocat en fiscalit\u00e9 et droit des soci\u00e9t\u00e9s | Inlo Avocats<\/title>\n<meta name=\"description\" content=\"Damien Basson, avocat associ\u00e9 chez Inlo Avocats, sp\u00e9cialis\u00e9 en fiscalit\u00e9 et droit des soci\u00e9t\u00e9s, accompagne lev\u00e9es de fonds, management packages et restructurations fiscales.\" \/>\n<meta name=\"robots\" content=\"index, follow, max-snippet:-1, max-image-preview:large, max-video-preview:-1\" \/>\n<link rel=\"canonical\" href=\"https:\/\/www.inlo.fr\/en\/avocats\/damien-basson-avocat\/\" \/>\n<meta property=\"og:locale\" content=\"en_US\" \/>\n<meta property=\"og:type\" content=\"article\" \/>\n<meta property=\"og:title\" content=\"Damien Basson - Avocat en fiscalit\u00e9 et droit des soci\u00e9t\u00e9s | Inlo Avocats\" \/>\n<meta property=\"og:description\" content=\"Damien Basson, avocat associ\u00e9 chez Inlo Avocats, sp\u00e9cialis\u00e9 en fiscalit\u00e9 et droit des soci\u00e9t\u00e9s, accompagne lev\u00e9es de fonds, management packages et restructurations fiscales.\" \/>\n<meta property=\"og:url\" content=\"https:\/\/www.inlo.fr\/en\/avocats\/damien-basson-avocat\/\" \/>\n<meta property=\"og:site_name\" content=\"Inlo Avocats\" \/>\n<meta property=\"article:modified_time\" content=\"2026-03-16T10:58:58+00:00\" \/>\n<meta property=\"og:image\" content=\"https:\/\/www.inlo.fr\/wp-content\/uploads\/2024\/10\/Damien-1-scaled.jpg\" \/>\n\t<meta property=\"og:image:width\" content=\"1920\" \/>\n\t<meta property=\"og:image:height\" content=\"2560\" \/>\n\t<meta property=\"og:image:type\" content=\"image\/jpeg\" \/>\n<meta name=\"twitter:card\" content=\"summary_large_image\" \/>\n<meta name=\"twitter:label1\" content=\"Est. reading time\" \/>\n\t<meta name=\"twitter:data1\" content=\"2 minutes\" \/>\n<script type=\"application\/ld+json\" class=\"yoast-schema-graph\">{\"@context\":\"https:\\\/\\\/schema.org\",\"@graph\":[{\"@type\":\"WebPage\",\"@id\":\"https:\\\/\\\/www.inlo.fr\\\/en\\\/avocats\\\/damien-basson-avocat\\\/\",\"url\":\"https:\\\/\\\/www.inlo.fr\\\/en\\\/avocats\\\/damien-basson-avocat\\\/\",\"name\":\"Damien Basson - Avocat en fiscalit\u00e9 et droit des soci\u00e9t\u00e9s | Inlo Avocats\",\"isPartOf\":{\"@id\":\"https:\\\/\\\/www.inlo.fr\\\/#website\"},\"primaryImageOfPage\":{\"@id\":\"https:\\\/\\\/www.inlo.fr\\\/en\\\/avocats\\\/damien-basson-avocat\\\/#primaryimage\"},\"image\":{\"@id\":\"https:\\\/\\\/www.inlo.fr\\\/en\\\/avocats\\\/damien-basson-avocat\\\/#primaryimage\"},\"thumbnailUrl\":\"https:\\\/\\\/www.inlo.fr\\\/wp-content\\\/uploads\\\/2024\\\/10\\\/Damien-1-scaled.jpg\",\"datePublished\":\"2024-10-23T09:56:44+00:00\",\"dateModified\":\"2026-03-16T10:58:58+00:00\",\"description\":\"Damien Basson, avocat associ\u00e9 chez Inlo Avocats, sp\u00e9cialis\u00e9 en fiscalit\u00e9 et droit des soci\u00e9t\u00e9s, accompagne lev\u00e9es de fonds, management packages et restructurations fiscales.\",\"breadcrumb\":{\"@id\":\"https:\\\/\\\/www.inlo.fr\\\/en\\\/avocats\\\/damien-basson-avocat\\\/#breadcrumb\"},\"inLanguage\":\"en-US\",\"potentialAction\":[{\"@type\":\"ReadAction\",\"target\":[\"https:\\\/\\\/www.inlo.fr\\\/en\\\/avocats\\\/damien-basson-avocat\\\/\"]}]},{\"@type\":\"ImageObject\",\"inLanguage\":\"en-US\",\"@id\":\"https:\\\/\\\/www.inlo.fr\\\/en\\\/avocats\\\/damien-basson-avocat\\\/#primaryimage\",\"url\":\"https:\\\/\\\/www.inlo.fr\\\/wp-content\\\/uploads\\\/2024\\\/10\\\/Damien-1-scaled.jpg\",\"contentUrl\":\"https:\\\/\\\/www.inlo.fr\\\/wp-content\\\/uploads\\\/2024\\\/10\\\/Damien-1-scaled.jpg\",\"width\":1920,\"height\":2560,\"caption\":\"2024 - PORTRAITS INLO AVOCATS POUR TOUTE PUBLICATION PRESSE CONTACTER L\u2019AUTEUR Photographie par Edouard Monfrais-Albertini \\\/ Hans Lucas. FOR ANY PRESS PUBLICATION, PLEASE CONTACT THE AUTHOR EDOUARD MONFRAIS-ALBERTINI\"},{\"@type\":\"BreadcrumbList\",\"@id\":\"https:\\\/\\\/www.inlo.fr\\\/en\\\/avocats\\\/damien-basson-avocat\\\/#breadcrumb\",\"itemListElement\":[{\"@type\":\"ListItem\",\"position\":1,\"name\":\"Accueil\",\"item\":\"https:\\\/\\\/www.inlo.fr\\\/en\\\/\"},{\"@type\":\"ListItem\",\"position\":2,\"name\":\"Damien Basson\"}]},{\"@type\":\"WebSite\",\"@id\":\"https:\\\/\\\/www.inlo.fr\\\/#website\",\"url\":\"https:\\\/\\\/www.inlo.fr\\\/\",\"name\":\"Inlo Avocats\",\"description\":\"\",\"potentialAction\":[{\"@type\":\"SearchAction\",\"target\":{\"@type\":\"EntryPoint\",\"urlTemplate\":\"https:\\\/\\\/www.inlo.fr\\\/?s={search_term_string}\"},\"query-input\":{\"@type\":\"PropertyValueSpecification\",\"valueRequired\":true,\"valueName\":\"search_term_string\"}}],\"inLanguage\":\"en-US\"}]}<\/script>\n<!-- \/ Yoast SEO plugin. -->","yoast_head_json":{"title":"Damien Basson - Avocat en fiscalit\u00e9 et droit des soci\u00e9t\u00e9s | Inlo Avocats","description":"Damien Basson, avocat associ\u00e9 chez Inlo Avocats, sp\u00e9cialis\u00e9 en fiscalit\u00e9 et droit des soci\u00e9t\u00e9s, accompagne lev\u00e9es de fonds, management packages et restructurations fiscales.","robots":{"index":"index","follow":"follow","max-snippet":"max-snippet:-1","max-image-preview":"max-image-preview:large","max-video-preview":"max-video-preview:-1"},"canonical":"https:\/\/www.inlo.fr\/en\/avocats\/damien-basson-avocat\/","og_locale":"en_US","og_type":"article","og_title":"Damien Basson - Avocat en fiscalit\u00e9 et droit des soci\u00e9t\u00e9s | Inlo Avocats","og_description":"Damien Basson, avocat associ\u00e9 chez Inlo Avocats, sp\u00e9cialis\u00e9 en fiscalit\u00e9 et droit des soci\u00e9t\u00e9s, accompagne lev\u00e9es de fonds, management packages et restructurations fiscales.","og_url":"https:\/\/www.inlo.fr\/en\/avocats\/damien-basson-avocat\/","og_site_name":"Inlo Avocats","article_modified_time":"2026-03-16T10:58:58+00:00","og_image":[{"width":1920,"height":2560,"url":"https:\/\/www.inlo.fr\/wp-content\/uploads\/2024\/10\/Damien-1-scaled.jpg","type":"image\/jpeg"}],"twitter_card":"summary_large_image","twitter_misc":{"Est. reading time":"2 minutes"},"schema":{"@context":"https:\/\/schema.org","@graph":[{"@type":"WebPage","@id":"https:\/\/www.inlo.fr\/en\/avocats\/damien-basson-avocat\/","url":"https:\/\/www.inlo.fr\/en\/avocats\/damien-basson-avocat\/","name":"Damien Basson - Avocat en fiscalit\u00e9 et droit des soci\u00e9t\u00e9s | Inlo Avocats","isPartOf":{"@id":"https:\/\/www.inlo.fr\/#website"},"primaryImageOfPage":{"@id":"https:\/\/www.inlo.fr\/en\/avocats\/damien-basson-avocat\/#primaryimage"},"image":{"@id":"https:\/\/www.inlo.fr\/en\/avocats\/damien-basson-avocat\/#primaryimage"},"thumbnailUrl":"https:\/\/www.inlo.fr\/wp-content\/uploads\/2024\/10\/Damien-1-scaled.jpg","datePublished":"2024-10-23T09:56:44+00:00","dateModified":"2026-03-16T10:58:58+00:00","description":"Damien Basson, avocat associ\u00e9 chez Inlo Avocats, sp\u00e9cialis\u00e9 en fiscalit\u00e9 et droit des soci\u00e9t\u00e9s, accompagne lev\u00e9es de fonds, management packages et restructurations fiscales.","breadcrumb":{"@id":"https:\/\/www.inlo.fr\/en\/avocats\/damien-basson-avocat\/#breadcrumb"},"inLanguage":"en-US","potentialAction":[{"@type":"ReadAction","target":["https:\/\/www.inlo.fr\/en\/avocats\/damien-basson-avocat\/"]}]},{"@type":"ImageObject","inLanguage":"en-US","@id":"https:\/\/www.inlo.fr\/en\/avocats\/damien-basson-avocat\/#primaryimage","url":"https:\/\/www.inlo.fr\/wp-content\/uploads\/2024\/10\/Damien-1-scaled.jpg","contentUrl":"https:\/\/www.inlo.fr\/wp-content\/uploads\/2024\/10\/Damien-1-scaled.jpg","width":1920,"height":2560,"caption":"2024 - PORTRAITS INLO AVOCATS POUR TOUTE PUBLICATION PRESSE CONTACTER L\u2019AUTEUR Photographie par Edouard Monfrais-Albertini \/ Hans Lucas. FOR ANY PRESS PUBLICATION, PLEASE CONTACT THE AUTHOR EDOUARD MONFRAIS-ALBERTINI"},{"@type":"BreadcrumbList","@id":"https:\/\/www.inlo.fr\/en\/avocats\/damien-basson-avocat\/#breadcrumb","itemListElement":[{"@type":"ListItem","position":1,"name":"Accueil","item":"https:\/\/www.inlo.fr\/en\/"},{"@type":"ListItem","position":2,"name":"Damien Basson"}]},{"@type":"WebSite","@id":"https:\/\/www.inlo.fr\/#website","url":"https:\/\/www.inlo.fr\/","name":"Inlo Avocats","description":"","potentialAction":[{"@type":"SearchAction","target":{"@type":"EntryPoint","urlTemplate":"https:\/\/www.inlo.fr\/?s={search_term_string}"},"query-input":{"@type":"PropertyValueSpecification","valueRequired":true,"valueName":"search_term_string"}}],"inLanguage":"en-US"}]}},"_links":{"self":[{"href":"https:\/\/www.inlo.fr\/en\/wp-json\/wp\/v2\/avocats\/1548","targetHints":{"allow":["GET"]}}],"collection":[{"href":"https:\/\/www.inlo.fr\/en\/wp-json\/wp\/v2\/avocats"}],"about":[{"href":"https:\/\/www.inlo.fr\/en\/wp-json\/wp\/v2\/types\/avocats"}],"author":[{"embeddable":true,"href":"https:\/\/www.inlo.fr\/en\/wp-json\/wp\/v2\/users\/225"}],"version-history":[{"count":1,"href":"https:\/\/www.inlo.fr\/en\/wp-json\/wp\/v2\/avocats\/1548\/revisions"}],"predecessor-version":[{"id":1569,"href":"https:\/\/www.inlo.fr\/en\/wp-json\/wp\/v2\/avocats\/1548\/revisions\/1569"}],"wp:featuredmedia":[{"embeddable":true,"href":"https:\/\/www.inlo.fr\/en\/wp-json\/wp\/v2\/media\/1173"}],"wp:attachment":[{"href":"https:\/\/www.inlo.fr\/en\/wp-json\/wp\/v2\/media?parent=1548"}],"curies":[{"name":"wp","href":"https:\/\/api.w.org\/{rel}","templated":true}]}}

<!-- This site is optimized with the Yoast SEO plugin v27.3 - https://yoast.com/product/yoast-seo-wordpress/ -->
<title>Damien Basson - Avocat en fiscalité et droit des sociétés | Inlo Avocats</title>
<meta name="description" content="Damien Basson, avocat associé chez Inlo Avocats, spécialisé en fiscalité et droit des sociétés, accompagne levées de fonds, management packages et restructurations fiscales." />
<meta name="robots" content="index, follow, max-snippet:-1, max-image-preview:large, max-video-preview:-1" />
<link rel="canonical" href="https://www.inlo.fr/en/avocats/damien-basson-avocat/" />
<meta property="og:locale" content="en_US" />
<meta property="og:type" content="article" />
<meta property="og:title" content="Damien Basson - Avocat en fiscalité et droit des sociétés | Inlo Avocats" />
<meta property="og:description" content="Damien Basson, avocat associé chez Inlo Avocats, spécialisé en fiscalité et droit des sociétés, accompagne levées de fonds, management packages et restructurations fiscales." />
<meta property="og:url" content="https://www.inlo.fr/en/avocats/damien-basson-avocat/" />
<meta property="og:site_name" content="Inlo Avocats" />
<meta property="article:modified_time" content="2026-03-16T10:58:58+00:00" />
<meta property="og:image" content="https://www.inlo.fr/wp-content/uploads/2024/10/Damien-1-scaled.jpg" />
	<meta property="og:image:width" content="1920" />
	<meta property="og:image:height" content="2560" />
	<meta property="og:image:type" content="image/jpeg" />
<meta name="twitter:card" content="summary_large_image" />
<meta name="twitter:label1" content="Est. reading time" />
	<meta name="twitter:data1" content="2 minutes" />
<script type="application/ld+json" class="yoast-schema-graph">{"@context":"https:\/\/schema.org","@graph":[{"@type":"WebPage","@id":"https:\/\/www.inlo.fr\/en\/avocats\/damien-basson-avocat\/","url":"https:\/\/www.inlo.fr\/en\/avocats\/damien-basson-avocat\/","name":"Damien Basson - Avocat en fiscalité et droit des sociétés | Inlo Avocats","isPartOf":{"@id":"https:\/\/www.inlo.fr\/#website"},"primaryImageOfPage":{"@id":"https:\/\/www.inlo.fr\/en\/avocats\/damien-basson-avocat\/#primaryimage"},"image":{"@id":"https:\/\/www.inlo.fr\/en\/avocats\/damien-basson-avocat\/#primaryimage"},"thumbnailUrl":"https:\/\/www.inlo.fr\/wp-content\/uploads\/2024\/10\/Damien-1-scaled.jpg","datePublished":"2024-10-23T09:56:44+00:00","dateModified":"2026-03-16T10:58:58+00:00","description":"Damien Basson, avocat associé chez Inlo Avocats, spécialisé en fiscalité et droit des sociétés, accompagne levées de fonds, management packages et restructurations fiscales.","breadcrumb":{"@id":"https:\/\/www.inlo.fr\/en\/avocats\/damien-basson-avocat\/#breadcrumb"},"inLanguage":"en-US","potentialAction":[{"@type":"ReadAction","target":["https:\/\/www.inlo.fr\/en\/avocats\/damien-basson-avocat\/"]}]},{"@type":"ImageObject","inLanguage":"en-US","@id":"https:\/\/www.inlo.fr\/en\/avocats\/damien-basson-avocat\/#primaryimage","url":"https:\/\/www.inlo.fr\/wp-content\/uploads\/2024\/10\/Damien-1-scaled.jpg","contentUrl":"https:\/\/www.inlo.fr\/wp-content\/uploads\/2024\/10\/Damien-1-scaled.jpg","width":1920,"height":2560,"caption":"2024 - PORTRAITS INLO AVOCATS POUR TOUTE PUBLICATION PRESSE CONTACTER L’AUTEUR Photographie par Edouard Monfrais-Albertini \/ Hans Lucas. FOR ANY PRESS PUBLICATION, PLEASE CONTACT THE AUTHOR EDOUARD MONFRAIS-ALBERTINI"},{"@type":"BreadcrumbList","@id":"https:\/\/www.inlo.fr\/en\/avocats\/damien-basson-avocat\/#breadcrumb","itemListElement":[{"@type":"ListItem","position":1,"name":"Accueil","item":"https:\/\/www.inlo.fr\/en\/"},{"@type":"ListItem","position":2,"name":"Damien Basson"}]},{"@type":"WebSite","@id":"https:\/\/www.inlo.fr\/#website","url":"https:\/\/www.inlo.fr\/","name":"Inlo Avocats","description":"","potentialAction":[{"@type":"SearchAction","target":{"@type":"EntryPoint","urlTemplate":"https:\/\/www.inlo.fr\/?s={search_term_string}"},"query-input":{"@type":"PropertyValueSpecification","valueRequired":true,"valueName":"search_term_string"}}],"inLanguage":"en-US"}]}</script>
<!-- / Yoast SEO plugin. -->

Damien Basson - Avocat en fiscalité et droit des sociétés | Inlo Avocats

Damien Basson, avocat associé chez Inlo Avocats, spécialisé en fiscalité et droit des sociétés, accompagne levées de fonds, management packages et restructurations fiscales.
