{"id":1549,"date":"2024-11-21T12:29:28","date_gmt":"2024-11-21T12:29:28","guid":{"rendered":"https:\/\/www.inlo.fr\/avocats\/anne-claire-chambas-avocat\/"},"modified":"2026-03-16T10:59:17","modified_gmt":"2026-03-16T10:59:17","slug":"anne-claire-chambas-avocat","status":"publish","type":"avocats","link":"https:\/\/www.inlo.fr\/en\/avocats\/anne-claire-chambas-avocat\/","title":{"rendered":"Anne-Claire Chambas"},"content":{"rendered":"\n<p>Anne-Claire Chambas specialises in employment law. Drawing on her experience gained with the law firms TAJ, Reinhart Marville Torre and Vivant Chiss, she provides her clients with comprehensive support in both litigation and advisory matters.<\/p>\n\n\n\n<p>For many years now, she has been assisting companies and their directors on a daily basis with their development and also providing them with valuable support during their strategic operations.<\/p>\n\n\n\n<p>A keen horsewoman, Anne-Claire spends all her free time on horseback. You could easily run into her on show jumping courses.<\/p>\n\n\n\n<p>Anne-Claire is a regular contributor to the Avec Vous program on BFM Business:<\/p>\n\n\n\n<ul class=\"wp-block-list\">\n<li><a href=\"https:\/\/www.bfmtv.com\/economie\/replay-emissions\/bfm-business-avec-vous\/avec-vous-du-vendredi-30-aout_EN-202408300466.html\" target=\"_blank\" rel=\"noreferrer noopener\">TV programme Avec Vous 30 August 2024<\/a><\/li>\n\n\n\n<li><a href=\"https:\/\/www.bfmtv.com\/economie\/replay-emissions\/soixante-minutes-business\/avec-vous-lundi-25-mars_VN-202403250485.html\" target=\"_blank\" rel=\"noreferrer noopener\">TV programme Avec Vous 25 March 2024<\/a><\/li>\n\n\n\n<li><a href=\"https:\/\/www.bfmtv.com\/economie\/replay-emissions\/soixante-minutes-business\/avec-vous-lundi-19-fevrier_VN-202402190504.html\" target=\"_blank\" rel=\"noreferrer noopener\">TV programme Avec Vous 19 February 2024<\/a><\/li>\n<\/ul>\n\n\n\n<p><\/p>\n","protected":false},"author":225,"featured_media":1174,"template":"","class_list":["post-1549","avocats","type-avocats","status-publish","has-post-thumbnail","hentry"],"acf":[],"yoast_head":"<!-- This site is optimized with the Yoast SEO plugin v27.3 - https:\/\/yoast.com\/product\/yoast-seo-wordpress\/ -->\n<title>Anne-Claire Chambas - Avocate en droit social et s\u00e9curit\u00e9 sociale | Inlo Avocats<\/title>\n<meta name=\"description\" content=\"Anne-Claire Chambas, avocate associ\u00e9e chez Inlo Avocats, accompagne entreprises et dirigeants en droit social et droit de la s\u00e9curit\u00e9 sociale, en conseil et contentieux.\" \/>\n<meta name=\"robots\" content=\"index, follow, max-snippet:-1, max-image-preview:large, max-video-preview:-1\" \/>\n<link rel=\"canonical\" href=\"https:\/\/www.inlo.fr\/en\/avocats\/anne-claire-chambas-avocat\/\" \/>\n<meta property=\"og:locale\" content=\"en_US\" \/>\n<meta property=\"og:type\" content=\"article\" \/>\n<meta property=\"og:title\" content=\"Anne-Claire Chambas - Avocate en droit social et s\u00e9curit\u00e9 sociale | Inlo Avocats\" \/>\n<meta property=\"og:description\" content=\"Anne-Claire Chambas, avocate associ\u00e9e chez Inlo Avocats, accompagne entreprises et dirigeants en droit social et droit de la s\u00e9curit\u00e9 sociale, en conseil et contentieux.\" \/>\n<meta property=\"og:url\" content=\"https:\/\/www.inlo.fr\/en\/avocats\/anne-claire-chambas-avocat\/\" \/>\n<meta property=\"og:site_name\" content=\"Inlo Avocats\" \/>\n<meta property=\"article:modified_time\" content=\"2026-03-16T10:59:17+00:00\" \/>\n<meta property=\"og:image\" content=\"https:\/\/www.inlo.fr\/wp-content\/uploads\/2024\/11\/Anne-Claire-1-scaled.jpg\" \/>\n\t<meta property=\"og:image:width\" content=\"1922\" \/>\n\t<meta property=\"og:image:height\" content=\"2560\" \/>\n\t<meta property=\"og:image:type\" content=\"image\/jpeg\" \/>\n<meta name=\"twitter:card\" content=\"summary_large_image\" \/>\n<meta name=\"twitter:label1\" content=\"Est. reading time\" \/>\n\t<meta name=\"twitter:data1\" content=\"1 minute\" \/>\n<script type=\"application\/ld+json\" class=\"yoast-schema-graph\">{\"@context\":\"https:\\\/\\\/schema.org\",\"@graph\":[{\"@type\":\"WebPage\",\"@id\":\"https:\\\/\\\/www.inlo.fr\\\/en\\\/avocats\\\/anne-claire-chambas-avocat\\\/\",\"url\":\"https:\\\/\\\/www.inlo.fr\\\/en\\\/avocats\\\/anne-claire-chambas-avocat\\\/\",\"name\":\"Anne-Claire Chambas - Avocate en droit social et s\u00e9curit\u00e9 sociale | Inlo Avocats\",\"isPartOf\":{\"@id\":\"https:\\\/\\\/www.inlo.fr\\\/#website\"},\"primaryImageOfPage\":{\"@id\":\"https:\\\/\\\/www.inlo.fr\\\/en\\\/avocats\\\/anne-claire-chambas-avocat\\\/#primaryimage\"},\"image\":{\"@id\":\"https:\\\/\\\/www.inlo.fr\\\/en\\\/avocats\\\/anne-claire-chambas-avocat\\\/#primaryimage\"},\"thumbnailUrl\":\"https:\\\/\\\/www.inlo.fr\\\/wp-content\\\/uploads\\\/2024\\\/11\\\/Anne-Claire-1-scaled.jpg\",\"datePublished\":\"2024-11-21T12:29:28+00:00\",\"dateModified\":\"2026-03-16T10:59:17+00:00\",\"description\":\"Anne-Claire Chambas, avocate associ\u00e9e chez Inlo Avocats, accompagne entreprises et dirigeants en droit social et droit de la s\u00e9curit\u00e9 sociale, en conseil et contentieux.\",\"breadcrumb\":{\"@id\":\"https:\\\/\\\/www.inlo.fr\\\/en\\\/avocats\\\/anne-claire-chambas-avocat\\\/#breadcrumb\"},\"inLanguage\":\"en-US\",\"potentialAction\":[{\"@type\":\"ReadAction\",\"target\":[\"https:\\\/\\\/www.inlo.fr\\\/en\\\/avocats\\\/anne-claire-chambas-avocat\\\/\"]}]},{\"@type\":\"ImageObject\",\"inLanguage\":\"en-US\",\"@id\":\"https:\\\/\\\/www.inlo.fr\\\/en\\\/avocats\\\/anne-claire-chambas-avocat\\\/#primaryimage\",\"url\":\"https:\\\/\\\/www.inlo.fr\\\/wp-content\\\/uploads\\\/2024\\\/11\\\/Anne-Claire-1-scaled.jpg\",\"contentUrl\":\"https:\\\/\\\/www.inlo.fr\\\/wp-content\\\/uploads\\\/2024\\\/11\\\/Anne-Claire-1-scaled.jpg\",\"width\":1922,\"height\":2560,\"caption\":\"2024 - PORTRAITS INLO AVOCATS POUR TOUTE PUBLICATION PRESSE CONTACTER L\u2019AUTEUR Photographie par Edouard Monfrais-Albertini \\\/ Hans Lucas. FOR ANY PRESS PUBLICATION, PLEASE CONTACT THE AUTHOR EDOUARD MONFRAIS-ALBERTINI\"},{\"@type\":\"BreadcrumbList\",\"@id\":\"https:\\\/\\\/www.inlo.fr\\\/en\\\/avocats\\\/anne-claire-chambas-avocat\\\/#breadcrumb\",\"itemListElement\":[{\"@type\":\"ListItem\",\"position\":1,\"name\":\"Accueil\",\"item\":\"https:\\\/\\\/www.inlo.fr\\\/en\\\/\"},{\"@type\":\"ListItem\",\"position\":2,\"name\":\"Anne-Claire Chambas\"}]},{\"@type\":\"WebSite\",\"@id\":\"https:\\\/\\\/www.inlo.fr\\\/#website\",\"url\":\"https:\\\/\\\/www.inlo.fr\\\/\",\"name\":\"Inlo Avocats\",\"description\":\"\",\"potentialAction\":[{\"@type\":\"SearchAction\",\"target\":{\"@type\":\"EntryPoint\",\"urlTemplate\":\"https:\\\/\\\/www.inlo.fr\\\/?s={search_term_string}\"},\"query-input\":{\"@type\":\"PropertyValueSpecification\",\"valueRequired\":true,\"valueName\":\"search_term_string\"}}],\"inLanguage\":\"en-US\"}]}<\/script>\n<!-- \/ Yoast SEO plugin. -->","yoast_head_json":{"title":"Anne-Claire Chambas - Avocate en droit social et s\u00e9curit\u00e9 sociale | Inlo Avocats","description":"Anne-Claire Chambas, avocate associ\u00e9e chez Inlo Avocats, accompagne entreprises et dirigeants en droit social et droit de la s\u00e9curit\u00e9 sociale, en conseil et contentieux.","robots":{"index":"index","follow":"follow","max-snippet":"max-snippet:-1","max-image-preview":"max-image-preview:large","max-video-preview":"max-video-preview:-1"},"canonical":"https:\/\/www.inlo.fr\/en\/avocats\/anne-claire-chambas-avocat\/","og_locale":"en_US","og_type":"article","og_title":"Anne-Claire Chambas - Avocate en droit social et s\u00e9curit\u00e9 sociale | Inlo Avocats","og_description":"Anne-Claire Chambas, avocate associ\u00e9e chez Inlo Avocats, accompagne entreprises et dirigeants en droit social et droit de la s\u00e9curit\u00e9 sociale, en conseil et contentieux.","og_url":"https:\/\/www.inlo.fr\/en\/avocats\/anne-claire-chambas-avocat\/","og_site_name":"Inlo Avocats","article_modified_time":"2026-03-16T10:59:17+00:00","og_image":[{"width":1922,"height":2560,"url":"https:\/\/www.inlo.fr\/wp-content\/uploads\/2024\/11\/Anne-Claire-1-scaled.jpg","type":"image\/jpeg"}],"twitter_card":"summary_large_image","twitter_misc":{"Est. reading time":"1 minute"},"schema":{"@context":"https:\/\/schema.org","@graph":[{"@type":"WebPage","@id":"https:\/\/www.inlo.fr\/en\/avocats\/anne-claire-chambas-avocat\/","url":"https:\/\/www.inlo.fr\/en\/avocats\/anne-claire-chambas-avocat\/","name":"Anne-Claire Chambas - Avocate en droit social et s\u00e9curit\u00e9 sociale | Inlo Avocats","isPartOf":{"@id":"https:\/\/www.inlo.fr\/#website"},"primaryImageOfPage":{"@id":"https:\/\/www.inlo.fr\/en\/avocats\/anne-claire-chambas-avocat\/#primaryimage"},"image":{"@id":"https:\/\/www.inlo.fr\/en\/avocats\/anne-claire-chambas-avocat\/#primaryimage"},"thumbnailUrl":"https:\/\/www.inlo.fr\/wp-content\/uploads\/2024\/11\/Anne-Claire-1-scaled.jpg","datePublished":"2024-11-21T12:29:28+00:00","dateModified":"2026-03-16T10:59:17+00:00","description":"Anne-Claire Chambas, avocate associ\u00e9e chez Inlo Avocats, accompagne entreprises et dirigeants en droit social et droit de la s\u00e9curit\u00e9 sociale, en conseil et contentieux.","breadcrumb":{"@id":"https:\/\/www.inlo.fr\/en\/avocats\/anne-claire-chambas-avocat\/#breadcrumb"},"inLanguage":"en-US","potentialAction":[{"@type":"ReadAction","target":["https:\/\/www.inlo.fr\/en\/avocats\/anne-claire-chambas-avocat\/"]}]},{"@type":"ImageObject","inLanguage":"en-US","@id":"https:\/\/www.inlo.fr\/en\/avocats\/anne-claire-chambas-avocat\/#primaryimage","url":"https:\/\/www.inlo.fr\/wp-content\/uploads\/2024\/11\/Anne-Claire-1-scaled.jpg","contentUrl":"https:\/\/www.inlo.fr\/wp-content\/uploads\/2024\/11\/Anne-Claire-1-scaled.jpg","width":1922,"height":2560,"caption":"2024 - PORTRAITS INLO AVOCATS POUR TOUTE PUBLICATION PRESSE CONTACTER L\u2019AUTEUR Photographie par Edouard Monfrais-Albertini \/ Hans Lucas. FOR ANY PRESS PUBLICATION, PLEASE CONTACT THE AUTHOR EDOUARD MONFRAIS-ALBERTINI"},{"@type":"BreadcrumbList","@id":"https:\/\/www.inlo.fr\/en\/avocats\/anne-claire-chambas-avocat\/#breadcrumb","itemListElement":[{"@type":"ListItem","position":1,"name":"Accueil","item":"https:\/\/www.inlo.fr\/en\/"},{"@type":"ListItem","position":2,"name":"Anne-Claire Chambas"}]},{"@type":"WebSite","@id":"https:\/\/www.inlo.fr\/#website","url":"https:\/\/www.inlo.fr\/","name":"Inlo Avocats","description":"","potentialAction":[{"@type":"SearchAction","target":{"@type":"EntryPoint","urlTemplate":"https:\/\/www.inlo.fr\/?s={search_term_string}"},"query-input":{"@type":"PropertyValueSpecification","valueRequired":true,"valueName":"search_term_string"}}],"inLanguage":"en-US"}]}},"_links":{"self":[{"href":"https:\/\/www.inlo.fr\/en\/wp-json\/wp\/v2\/avocats\/1549","targetHints":{"allow":["GET"]}}],"collection":[{"href":"https:\/\/www.inlo.fr\/en\/wp-json\/wp\/v2\/avocats"}],"about":[{"href":"https:\/\/www.inlo.fr\/en\/wp-json\/wp\/v2\/types\/avocats"}],"author":[{"embeddable":true,"href":"https:\/\/www.inlo.fr\/en\/wp-json\/wp\/v2\/users\/225"}],"version-history":[{"count":2,"href":"https:\/\/www.inlo.fr\/en\/wp-json\/wp\/v2\/avocats\/1549\/revisions"}],"predecessor-version":[{"id":1684,"href":"https:\/\/www.inlo.fr\/en\/wp-json\/wp\/v2\/avocats\/1549\/revisions\/1684"}],"wp:featuredmedia":[{"embeddable":true,"href":"https:\/\/www.inlo.fr\/en\/wp-json\/wp\/v2\/media\/1174"}],"wp:attachment":[{"href":"https:\/\/www.inlo.fr\/en\/wp-json\/wp\/v2\/media?parent=1549"}],"curies":[{"name":"wp","href":"https:\/\/api.w.org\/{rel}","templated":true}]}}

<!-- This site is optimized with the Yoast SEO plugin v27.3 - https://yoast.com/product/yoast-seo-wordpress/ -->
<title>Anne-Claire Chambas - Avocate en droit social et sécurité sociale | Inlo Avocats</title>
<meta name="description" content="Anne-Claire Chambas, avocate associée chez Inlo Avocats, accompagne entreprises et dirigeants en droit social et droit de la sécurité sociale, en conseil et contentieux." />
<meta name="robots" content="index, follow, max-snippet:-1, max-image-preview:large, max-video-preview:-1" />
<link rel="canonical" href="https://www.inlo.fr/en/avocats/anne-claire-chambas-avocat/" />
<meta property="og:locale" content="en_US" />
<meta property="og:type" content="article" />
<meta property="og:title" content="Anne-Claire Chambas - Avocate en droit social et sécurité sociale | Inlo Avocats" />
<meta property="og:description" content="Anne-Claire Chambas, avocate associée chez Inlo Avocats, accompagne entreprises et dirigeants en droit social et droit de la sécurité sociale, en conseil et contentieux." />
<meta property="og:url" content="https://www.inlo.fr/en/avocats/anne-claire-chambas-avocat/" />
<meta property="og:site_name" content="Inlo Avocats" />
<meta property="article:modified_time" content="2026-03-16T10:59:17+00:00" />
<meta property="og:image" content="https://www.inlo.fr/wp-content/uploads/2024/11/Anne-Claire-1-scaled.jpg" />
	<meta property="og:image:width" content="1922" />
	<meta property="og:image:height" content="2560" />
	<meta property="og:image:type" content="image/jpeg" />
<meta name="twitter:card" content="summary_large_image" />
<meta name="twitter:label1" content="Est. reading time" />
	<meta name="twitter:data1" content="1 minute" />
<script type="application/ld+json" class="yoast-schema-graph">{"@context":"https:\/\/schema.org","@graph":[{"@type":"WebPage","@id":"https:\/\/www.inlo.fr\/en\/avocats\/anne-claire-chambas-avocat\/","url":"https:\/\/www.inlo.fr\/en\/avocats\/anne-claire-chambas-avocat\/","name":"Anne-Claire Chambas - Avocate en droit social et sécurité sociale | Inlo Avocats","isPartOf":{"@id":"https:\/\/www.inlo.fr\/#website"},"primaryImageOfPage":{"@id":"https:\/\/www.inlo.fr\/en\/avocats\/anne-claire-chambas-avocat\/#primaryimage"},"image":{"@id":"https:\/\/www.inlo.fr\/en\/avocats\/anne-claire-chambas-avocat\/#primaryimage"},"thumbnailUrl":"https:\/\/www.inlo.fr\/wp-content\/uploads\/2024\/11\/Anne-Claire-1-scaled.jpg","datePublished":"2024-11-21T12:29:28+00:00","dateModified":"2026-03-16T10:59:17+00:00","description":"Anne-Claire Chambas, avocate associée chez Inlo Avocats, accompagne entreprises et dirigeants en droit social et droit de la sécurité sociale, en conseil et contentieux.","breadcrumb":{"@id":"https:\/\/www.inlo.fr\/en\/avocats\/anne-claire-chambas-avocat\/#breadcrumb"},"inLanguage":"en-US","potentialAction":[{"@type":"ReadAction","target":["https:\/\/www.inlo.fr\/en\/avocats\/anne-claire-chambas-avocat\/"]}]},{"@type":"ImageObject","inLanguage":"en-US","@id":"https:\/\/www.inlo.fr\/en\/avocats\/anne-claire-chambas-avocat\/#primaryimage","url":"https:\/\/www.inlo.fr\/wp-content\/uploads\/2024\/11\/Anne-Claire-1-scaled.jpg","contentUrl":"https:\/\/www.inlo.fr\/wp-content\/uploads\/2024\/11\/Anne-Claire-1-scaled.jpg","width":1922,"height":2560,"caption":"2024 - PORTRAITS INLO AVOCATS POUR TOUTE PUBLICATION PRESSE CONTACTER L’AUTEUR Photographie par Edouard Monfrais-Albertini \/ Hans Lucas. FOR ANY PRESS PUBLICATION, PLEASE CONTACT THE AUTHOR EDOUARD MONFRAIS-ALBERTINI"},{"@type":"BreadcrumbList","@id":"https:\/\/www.inlo.fr\/en\/avocats\/anne-claire-chambas-avocat\/#breadcrumb","itemListElement":[{"@type":"ListItem","position":1,"name":"Accueil","item":"https:\/\/www.inlo.fr\/en\/"},{"@type":"ListItem","position":2,"name":"Anne-Claire Chambas"}]},{"@type":"WebSite","@id":"https:\/\/www.inlo.fr\/#website","url":"https:\/\/www.inlo.fr\/","name":"Inlo Avocats","description":"","potentialAction":[{"@type":"SearchAction","target":{"@type":"EntryPoint","urlTemplate":"https:\/\/www.inlo.fr\/?s={search_term_string}"},"query-input":{"@type":"PropertyValueSpecification","valueRequired":true,"valueName":"search_term_string"}}],"inLanguage":"en-US"}]}</script>
<!-- / Yoast SEO plugin. -->

Anne-Claire Chambas - Avocate en droit social et sécurité sociale | Inlo Avocats

Anne-Claire Chambas, avocate associée chez Inlo Avocats, accompagne entreprises et dirigeants en droit social et droit de la sécurité sociale, en conseil et contentieux.
