{"id":1550,"date":"2024-11-21T12:53:36","date_gmt":"2024-11-21T12:53:36","guid":{"rendered":"https:\/\/www.inlo.fr\/avocats\/simon-estival-avocat\/"},"modified":"2026-03-16T10:59:54","modified_gmt":"2026-03-16T10:59:54","slug":"simon-estival-avocat","status":"publish","type":"avocats","link":"https:\/\/www.inlo.fr\/en\/avocats\/simon-estival-avocat\/","title":{"rendered":"Simon Estival"},"content":{"rendered":"\n<p>An attorney since 2013, Simon Estival founded the property department of INLO Avocats in 2022.<\/p>\n\n\n\n<p>Simon started at the Sorba Payrau law firm in 2013, before joining CMS Francis Lefebvre Avocats in 2015. His practice focuses on property law, where he works alongside public and private-sector clients to help them carry out their activities and implement their projects, particularly in the areas of property sales law, construction and property development law and leases, both as counsel and in litigation before the courts and in alternative dispute resolution (judicial mediation, conciliation and settlement).<\/p>\n\n\n\n<p>Simon holds a certificate of specialisation in property law (CNB, 2022) and is a lecturer for the Master&#8217;s degree in property law (Tenancy Law) at the University of Paris I Panth\u00e9on-Sorbonne. He is also co-author of the Commercial Leases Francis Lefebvre Memento.<\/p>\n","protected":false},"author":225,"featured_media":1175,"template":"","class_list":["post-1550","avocats","type-avocats","status-publish","has-post-thumbnail","hentry"],"acf":[],"yoast_head":"<!-- This site is optimized with the Yoast SEO plugin v27.3 - https:\/\/yoast.com\/product\/yoast-seo-wordpress\/ -->\n<title>Simon Estival - Avocat en droit immobilier et construction | Inlo Avocats<\/title>\n<meta name=\"description\" content=\"Simon Estival, avocat associ\u00e9 chez Inlo Avocats, accompagne acteurs publics et priv\u00e9s en droit immobilier, construction, baux, copropri\u00e9t\u00e9 et urbanisme, en conseil et contentieux.\" \/>\n<meta name=\"robots\" content=\"index, follow, max-snippet:-1, max-image-preview:large, max-video-preview:-1\" \/>\n<link rel=\"canonical\" href=\"https:\/\/www.inlo.fr\/en\/avocats\/simon-estival-avocat\/\" \/>\n<meta property=\"og:locale\" content=\"en_US\" \/>\n<meta property=\"og:type\" content=\"article\" \/>\n<meta property=\"og:title\" content=\"Simon Estival - Avocat en droit immobilier et construction | Inlo Avocats\" \/>\n<meta property=\"og:description\" content=\"Simon Estival, avocat associ\u00e9 chez Inlo Avocats, accompagne acteurs publics et priv\u00e9s en droit immobilier, construction, baux, copropri\u00e9t\u00e9 et urbanisme, en conseil et contentieux.\" \/>\n<meta property=\"og:url\" content=\"https:\/\/www.inlo.fr\/en\/avocats\/simon-estival-avocat\/\" \/>\n<meta property=\"og:site_name\" content=\"Inlo Avocats\" \/>\n<meta property=\"article:modified_time\" content=\"2026-03-16T10:59:54+00:00\" \/>\n<meta property=\"og:image\" content=\"https:\/\/www.inlo.fr\/wp-content\/uploads\/2024\/11\/Simon-1-scaled.jpg\" \/>\n\t<meta property=\"og:image:width\" content=\"1922\" \/>\n\t<meta property=\"og:image:height\" content=\"2560\" \/>\n\t<meta property=\"og:image:type\" content=\"image\/jpeg\" \/>\n<meta name=\"twitter:card\" content=\"summary_large_image\" \/>\n<meta name=\"twitter:label1\" content=\"Est. reading time\" \/>\n\t<meta name=\"twitter:data1\" content=\"1 minute\" \/>\n<script type=\"application\/ld+json\" class=\"yoast-schema-graph\">{\"@context\":\"https:\\\/\\\/schema.org\",\"@graph\":[{\"@type\":\"WebPage\",\"@id\":\"https:\\\/\\\/www.inlo.fr\\\/en\\\/avocats\\\/simon-estival-avocat\\\/\",\"url\":\"https:\\\/\\\/www.inlo.fr\\\/en\\\/avocats\\\/simon-estival-avocat\\\/\",\"name\":\"Simon Estival - Avocat en droit immobilier et construction | Inlo Avocats\",\"isPartOf\":{\"@id\":\"https:\\\/\\\/www.inlo.fr\\\/#website\"},\"primaryImageOfPage\":{\"@id\":\"https:\\\/\\\/www.inlo.fr\\\/en\\\/avocats\\\/simon-estival-avocat\\\/#primaryimage\"},\"image\":{\"@id\":\"https:\\\/\\\/www.inlo.fr\\\/en\\\/avocats\\\/simon-estival-avocat\\\/#primaryimage\"},\"thumbnailUrl\":\"https:\\\/\\\/www.inlo.fr\\\/wp-content\\\/uploads\\\/2024\\\/11\\\/Simon-1-scaled.jpg\",\"datePublished\":\"2024-11-21T12:53:36+00:00\",\"dateModified\":\"2026-03-16T10:59:54+00:00\",\"description\":\"Simon Estival, avocat associ\u00e9 chez Inlo Avocats, accompagne acteurs publics et priv\u00e9s en droit immobilier, construction, baux, copropri\u00e9t\u00e9 et urbanisme, en conseil et contentieux.\",\"breadcrumb\":{\"@id\":\"https:\\\/\\\/www.inlo.fr\\\/en\\\/avocats\\\/simon-estival-avocat\\\/#breadcrumb\"},\"inLanguage\":\"en-US\",\"potentialAction\":[{\"@type\":\"ReadAction\",\"target\":[\"https:\\\/\\\/www.inlo.fr\\\/en\\\/avocats\\\/simon-estival-avocat\\\/\"]}]},{\"@type\":\"ImageObject\",\"inLanguage\":\"en-US\",\"@id\":\"https:\\\/\\\/www.inlo.fr\\\/en\\\/avocats\\\/simon-estival-avocat\\\/#primaryimage\",\"url\":\"https:\\\/\\\/www.inlo.fr\\\/wp-content\\\/uploads\\\/2024\\\/11\\\/Simon-1-scaled.jpg\",\"contentUrl\":\"https:\\\/\\\/www.inlo.fr\\\/wp-content\\\/uploads\\\/2024\\\/11\\\/Simon-1-scaled.jpg\",\"width\":1922,\"height\":2560,\"caption\":\"2024 - PORTRAITS INLO AVOCATS POUR TOUTE PUBLICATION PRESSE CONTACTER L\u2019AUTEUR Photographie par Edouard Monfrais-Albertini \\\/ Hans Lucas. FOR ANY PRESS PUBLICATION, PLEASE CONTACT THE AUTHOR EDOUARD MONFRAIS-ALBERTINI\"},{\"@type\":\"BreadcrumbList\",\"@id\":\"https:\\\/\\\/www.inlo.fr\\\/en\\\/avocats\\\/simon-estival-avocat\\\/#breadcrumb\",\"itemListElement\":[{\"@type\":\"ListItem\",\"position\":1,\"name\":\"Accueil\",\"item\":\"https:\\\/\\\/www.inlo.fr\\\/en\\\/\"},{\"@type\":\"ListItem\",\"position\":2,\"name\":\"Simon Estival\"}]},{\"@type\":\"WebSite\",\"@id\":\"https:\\\/\\\/www.inlo.fr\\\/#website\",\"url\":\"https:\\\/\\\/www.inlo.fr\\\/\",\"name\":\"Inlo Avocats\",\"description\":\"\",\"potentialAction\":[{\"@type\":\"SearchAction\",\"target\":{\"@type\":\"EntryPoint\",\"urlTemplate\":\"https:\\\/\\\/www.inlo.fr\\\/?s={search_term_string}\"},\"query-input\":{\"@type\":\"PropertyValueSpecification\",\"valueRequired\":true,\"valueName\":\"search_term_string\"}}],\"inLanguage\":\"en-US\"}]}<\/script>\n<!-- \/ Yoast SEO plugin. -->","yoast_head_json":{"title":"Simon Estival - Avocat en droit immobilier et construction | Inlo Avocats","description":"Simon Estival, avocat associ\u00e9 chez Inlo Avocats, accompagne acteurs publics et priv\u00e9s en droit immobilier, construction, baux, copropri\u00e9t\u00e9 et urbanisme, en conseil et contentieux.","robots":{"index":"index","follow":"follow","max-snippet":"max-snippet:-1","max-image-preview":"max-image-preview:large","max-video-preview":"max-video-preview:-1"},"canonical":"https:\/\/www.inlo.fr\/en\/avocats\/simon-estival-avocat\/","og_locale":"en_US","og_type":"article","og_title":"Simon Estival - Avocat en droit immobilier et construction | Inlo Avocats","og_description":"Simon Estival, avocat associ\u00e9 chez Inlo Avocats, accompagne acteurs publics et priv\u00e9s en droit immobilier, construction, baux, copropri\u00e9t\u00e9 et urbanisme, en conseil et contentieux.","og_url":"https:\/\/www.inlo.fr\/en\/avocats\/simon-estival-avocat\/","og_site_name":"Inlo Avocats","article_modified_time":"2026-03-16T10:59:54+00:00","og_image":[{"width":1922,"height":2560,"url":"https:\/\/www.inlo.fr\/wp-content\/uploads\/2024\/11\/Simon-1-scaled.jpg","type":"image\/jpeg"}],"twitter_card":"summary_large_image","twitter_misc":{"Est. reading time":"1 minute"},"schema":{"@context":"https:\/\/schema.org","@graph":[{"@type":"WebPage","@id":"https:\/\/www.inlo.fr\/en\/avocats\/simon-estival-avocat\/","url":"https:\/\/www.inlo.fr\/en\/avocats\/simon-estival-avocat\/","name":"Simon Estival - Avocat en droit immobilier et construction | Inlo Avocats","isPartOf":{"@id":"https:\/\/www.inlo.fr\/#website"},"primaryImageOfPage":{"@id":"https:\/\/www.inlo.fr\/en\/avocats\/simon-estival-avocat\/#primaryimage"},"image":{"@id":"https:\/\/www.inlo.fr\/en\/avocats\/simon-estival-avocat\/#primaryimage"},"thumbnailUrl":"https:\/\/www.inlo.fr\/wp-content\/uploads\/2024\/11\/Simon-1-scaled.jpg","datePublished":"2024-11-21T12:53:36+00:00","dateModified":"2026-03-16T10:59:54+00:00","description":"Simon Estival, avocat associ\u00e9 chez Inlo Avocats, accompagne acteurs publics et priv\u00e9s en droit immobilier, construction, baux, copropri\u00e9t\u00e9 et urbanisme, en conseil et contentieux.","breadcrumb":{"@id":"https:\/\/www.inlo.fr\/en\/avocats\/simon-estival-avocat\/#breadcrumb"},"inLanguage":"en-US","potentialAction":[{"@type":"ReadAction","target":["https:\/\/www.inlo.fr\/en\/avocats\/simon-estival-avocat\/"]}]},{"@type":"ImageObject","inLanguage":"en-US","@id":"https:\/\/www.inlo.fr\/en\/avocats\/simon-estival-avocat\/#primaryimage","url":"https:\/\/www.inlo.fr\/wp-content\/uploads\/2024\/11\/Simon-1-scaled.jpg","contentUrl":"https:\/\/www.inlo.fr\/wp-content\/uploads\/2024\/11\/Simon-1-scaled.jpg","width":1922,"height":2560,"caption":"2024 - PORTRAITS INLO AVOCATS POUR TOUTE PUBLICATION PRESSE CONTACTER L\u2019AUTEUR Photographie par Edouard Monfrais-Albertini \/ Hans Lucas. FOR ANY PRESS PUBLICATION, PLEASE CONTACT THE AUTHOR EDOUARD MONFRAIS-ALBERTINI"},{"@type":"BreadcrumbList","@id":"https:\/\/www.inlo.fr\/en\/avocats\/simon-estival-avocat\/#breadcrumb","itemListElement":[{"@type":"ListItem","position":1,"name":"Accueil","item":"https:\/\/www.inlo.fr\/en\/"},{"@type":"ListItem","position":2,"name":"Simon Estival"}]},{"@type":"WebSite","@id":"https:\/\/www.inlo.fr\/#website","url":"https:\/\/www.inlo.fr\/","name":"Inlo Avocats","description":"","potentialAction":[{"@type":"SearchAction","target":{"@type":"EntryPoint","urlTemplate":"https:\/\/www.inlo.fr\/?s={search_term_string}"},"query-input":{"@type":"PropertyValueSpecification","valueRequired":true,"valueName":"search_term_string"}}],"inLanguage":"en-US"}]}},"_links":{"self":[{"href":"https:\/\/www.inlo.fr\/en\/wp-json\/wp\/v2\/avocats\/1550","targetHints":{"allow":["GET"]}}],"collection":[{"href":"https:\/\/www.inlo.fr\/en\/wp-json\/wp\/v2\/avocats"}],"about":[{"href":"https:\/\/www.inlo.fr\/en\/wp-json\/wp\/v2\/types\/avocats"}],"author":[{"embeddable":true,"href":"https:\/\/www.inlo.fr\/en\/wp-json\/wp\/v2\/users\/225"}],"version-history":[{"count":2,"href":"https:\/\/www.inlo.fr\/en\/wp-json\/wp\/v2\/avocats\/1550\/revisions"}],"predecessor-version":[{"id":1576,"href":"https:\/\/www.inlo.fr\/en\/wp-json\/wp\/v2\/avocats\/1550\/revisions\/1576"}],"wp:featuredmedia":[{"embeddable":true,"href":"https:\/\/www.inlo.fr\/en\/wp-json\/wp\/v2\/media\/1175"}],"wp:attachment":[{"href":"https:\/\/www.inlo.fr\/en\/wp-json\/wp\/v2\/media?parent=1550"}],"curies":[{"name":"wp","href":"https:\/\/api.w.org\/{rel}","templated":true}]}}

<p>An attorney since 2013, Simon Estival founded the property department of INLO Avocats in 2022.</p>



<p>Simon started at the Sorba Payrau law firm in 2013, before joining CMS Francis Lefebvre Avocats in 2015. His practice focuses on property law, where he works alongside public and private-sector clients to help them carry out their activities and implement their projects, particularly in the areas of property sales law, construction and property development law and leases, both as counsel and in litigation before the courts and in alternative dispute resolution (judicial mediation, conciliation and settlement).</p>



<p>Simon holds a certificate of specialisation in property law (CNB, 2022) and is a lecturer for the Master&#8217;s degree in property law (Tenancy Law) at the University of Paris I Panthéon-Sorbonne. He is also co-author of the Commercial Leases Francis Lefebvre Memento.</p>

<!-- This site is optimized with the Yoast SEO plugin v27.3 - https://yoast.com/product/yoast-seo-wordpress/ -->
<title>Simon Estival - Avocat en droit immobilier et construction | Inlo Avocats</title>
<meta name="description" content="Simon Estival, avocat associé chez Inlo Avocats, accompagne acteurs publics et privés en droit immobilier, construction, baux, copropriété et urbanisme, en conseil et contentieux." />
<meta name="robots" content="index, follow, max-snippet:-1, max-image-preview:large, max-video-preview:-1" />
<link rel="canonical" href="https://www.inlo.fr/en/avocats/simon-estival-avocat/" />
<meta property="og:locale" content="en_US" />
<meta property="og:type" content="article" />
<meta property="og:title" content="Simon Estival - Avocat en droit immobilier et construction | Inlo Avocats" />
<meta property="og:description" content="Simon Estival, avocat associé chez Inlo Avocats, accompagne acteurs publics et privés en droit immobilier, construction, baux, copropriété et urbanisme, en conseil et contentieux." />
<meta property="og:url" content="https://www.inlo.fr/en/avocats/simon-estival-avocat/" />
<meta property="og:site_name" content="Inlo Avocats" />
<meta property="article:modified_time" content="2026-03-16T10:59:54+00:00" />
<meta property="og:image" content="https://www.inlo.fr/wp-content/uploads/2024/11/Simon-1-scaled.jpg" />
	<meta property="og:image:width" content="1922" />
	<meta property="og:image:height" content="2560" />
	<meta property="og:image:type" content="image/jpeg" />
<meta name="twitter:card" content="summary_large_image" />
<meta name="twitter:label1" content="Est. reading time" />
	<meta name="twitter:data1" content="1 minute" />
<script type="application/ld+json" class="yoast-schema-graph">{"@context":"https:\/\/schema.org","@graph":[{"@type":"WebPage","@id":"https:\/\/www.inlo.fr\/en\/avocats\/simon-estival-avocat\/","url":"https:\/\/www.inlo.fr\/en\/avocats\/simon-estival-avocat\/","name":"Simon Estival - Avocat en droit immobilier et construction | Inlo Avocats","isPartOf":{"@id":"https:\/\/www.inlo.fr\/#website"},"primaryImageOfPage":{"@id":"https:\/\/www.inlo.fr\/en\/avocats\/simon-estival-avocat\/#primaryimage"},"image":{"@id":"https:\/\/www.inlo.fr\/en\/avocats\/simon-estival-avocat\/#primaryimage"},"thumbnailUrl":"https:\/\/www.inlo.fr\/wp-content\/uploads\/2024\/11\/Simon-1-scaled.jpg","datePublished":"2024-11-21T12:53:36+00:00","dateModified":"2026-03-16T10:59:54+00:00","description":"Simon Estival, avocat associé chez Inlo Avocats, accompagne acteurs publics et privés en droit immobilier, construction, baux, copropriété et urbanisme, en conseil et contentieux.","breadcrumb":{"@id":"https:\/\/www.inlo.fr\/en\/avocats\/simon-estival-avocat\/#breadcrumb"},"inLanguage":"en-US","potentialAction":[{"@type":"ReadAction","target":["https:\/\/www.inlo.fr\/en\/avocats\/simon-estival-avocat\/"]}]},{"@type":"ImageObject","inLanguage":"en-US","@id":"https:\/\/www.inlo.fr\/en\/avocats\/simon-estival-avocat\/#primaryimage","url":"https:\/\/www.inlo.fr\/wp-content\/uploads\/2024\/11\/Simon-1-scaled.jpg","contentUrl":"https:\/\/www.inlo.fr\/wp-content\/uploads\/2024\/11\/Simon-1-scaled.jpg","width":1922,"height":2560,"caption":"2024 - PORTRAITS INLO AVOCATS POUR TOUTE PUBLICATION PRESSE CONTACTER L’AUTEUR Photographie par Edouard Monfrais-Albertini \/ Hans Lucas. FOR ANY PRESS PUBLICATION, PLEASE CONTACT THE AUTHOR EDOUARD MONFRAIS-ALBERTINI"},{"@type":"BreadcrumbList","@id":"https:\/\/www.inlo.fr\/en\/avocats\/simon-estival-avocat\/#breadcrumb","itemListElement":[{"@type":"ListItem","position":1,"name":"Accueil","item":"https:\/\/www.inlo.fr\/en\/"},{"@type":"ListItem","position":2,"name":"Simon Estival"}]},{"@type":"WebSite","@id":"https:\/\/www.inlo.fr\/#website","url":"https:\/\/www.inlo.fr\/","name":"Inlo Avocats","description":"","potentialAction":[{"@type":"SearchAction","target":{"@type":"EntryPoint","urlTemplate":"https:\/\/www.inlo.fr\/?s={search_term_string}"},"query-input":{"@type":"PropertyValueSpecification","valueRequired":true,"valueName":"search_term_string"}}],"inLanguage":"en-US"}]}</script>
<!-- / Yoast SEO plugin. -->

Simon Estival, avocat associé chez Inlo Avocats, accompagne acteurs publics et privés en droit immobilier, construction, baux, copropriété et urbanisme, en conseil et contentieux.
