{"id":1551,"date":"2024-11-21T12:49:59","date_gmt":"2024-11-21T12:49:59","guid":{"rendered":"https:\/\/www.inlo.fr\/avocats\/chris-hannetel-avocat\/"},"modified":"2025-06-05T18:05:37","modified_gmt":"2025-06-05T18:05:37","slug":"chris-hannetel-avocat","status":"publish","type":"avocats","link":"https:\/\/www.inlo.fr\/en\/avocats\/chris-hannetel-avocat\/","title":{"rendered":"Chris Hannetel"},"content":{"rendered":"\n<p>Chris Hannetel is a partner at INLO Avocats specialising in corporate law (venture capital) and taxation.<\/p>\n\n\n\n<p>After practising as a lawyer with Chammas &amp; Marcheteau for four years, he joined INLO Avocats in January 2021. Chris Hannetel is also head of our Marseille office, which he opened in June 2022.<\/p>\n\n\n\n<p>His main area of practice involves assisting clients with venture capital transactions (capital raising), setting up management packages (in particular business creator share subscription warrants (BSPCE)), structuring directors&#8217; remuneration and assets, corporate restructuring (partial contributions of assets, mergers, disposals, etc.) and tax litigation.<\/p>\n\n\n\n<p>Chris holds an LLM in International Taxation and a Master&#8217;s degree in Tax Law from the University of Paris 1 Panth\u00e9on-Sorbonne. He is currently a lecturer at HEC Paris.<\/p>\n\n\n\n<p>An accomplished pianist, he is happy to take off his tax hat for a jam session with any musicians who cross his path.<\/p>\n","protected":false},"author":225,"featured_media":1176,"template":"","class_list":["post-1551","avocats","type-avocats","status-publish","has-post-thumbnail","hentry"],"acf":[],"yoast_head":"<!-- This site is optimized with the Yoast SEO plugin v27.3 - https:\/\/yoast.com\/product\/yoast-seo-wordpress\/ -->\n<title>Chris Hannetel - Avocat en fiscalit\u00e9 et capital-risque | Inlo Avocats<\/title>\n<meta name=\"description\" content=\"Chris Hannetel, avocat associ\u00e9 chez Inlo Avocats, accompagne les entreprises en fiscalit\u00e9, capital-risque, management packages, restructurations et contentieux fiscal.\" \/>\n<meta name=\"robots\" content=\"index, follow, max-snippet:-1, max-image-preview:large, max-video-preview:-1\" \/>\n<link rel=\"canonical\" href=\"https:\/\/www.inlo.fr\/en\/avocats\/chris-hannetel-avocat\/\" \/>\n<meta property=\"og:locale\" content=\"en_US\" \/>\n<meta property=\"og:type\" content=\"article\" \/>\n<meta property=\"og:title\" content=\"Chris Hannetel - Avocat en fiscalit\u00e9 et capital-risque | Inlo Avocats\" \/>\n<meta property=\"og:description\" content=\"Chris Hannetel, avocat associ\u00e9 chez Inlo Avocats, accompagne les entreprises en fiscalit\u00e9, capital-risque, management packages, restructurations et contentieux fiscal.\" \/>\n<meta property=\"og:url\" content=\"https:\/\/www.inlo.fr\/en\/avocats\/chris-hannetel-avocat\/\" \/>\n<meta property=\"og:site_name\" content=\"Inlo Avocats\" \/>\n<meta property=\"article:modified_time\" content=\"2025-06-05T18:05:37+00:00\" \/>\n<meta property=\"og:image\" content=\"https:\/\/www.inlo.fr\/wp-content\/uploads\/2024\/11\/Chris-1-scaled.jpg\" \/>\n\t<meta property=\"og:image:width\" content=\"1922\" \/>\n\t<meta property=\"og:image:height\" content=\"2560\" \/>\n\t<meta property=\"og:image:type\" content=\"image\/jpeg\" \/>\n<meta name=\"twitter:card\" content=\"summary_large_image\" \/>\n<meta name=\"twitter:label1\" content=\"Est. reading time\" \/>\n\t<meta name=\"twitter:data1\" content=\"1 minute\" \/>\n<script type=\"application\/ld+json\" class=\"yoast-schema-graph\">{\"@context\":\"https:\\\/\\\/schema.org\",\"@graph\":[{\"@type\":\"WebPage\",\"@id\":\"https:\\\/\\\/www.inlo.fr\\\/en\\\/avocats\\\/chris-hannetel-avocat\\\/\",\"url\":\"https:\\\/\\\/www.inlo.fr\\\/en\\\/avocats\\\/chris-hannetel-avocat\\\/\",\"name\":\"Chris Hannetel - Avocat en fiscalit\u00e9 et capital-risque | Inlo Avocats\",\"isPartOf\":{\"@id\":\"https:\\\/\\\/www.inlo.fr\\\/#website\"},\"primaryImageOfPage\":{\"@id\":\"https:\\\/\\\/www.inlo.fr\\\/en\\\/avocats\\\/chris-hannetel-avocat\\\/#primaryimage\"},\"image\":{\"@id\":\"https:\\\/\\\/www.inlo.fr\\\/en\\\/avocats\\\/chris-hannetel-avocat\\\/#primaryimage\"},\"thumbnailUrl\":\"https:\\\/\\\/www.inlo.fr\\\/wp-content\\\/uploads\\\/2024\\\/11\\\/Chris-1-scaled.jpg\",\"datePublished\":\"2024-11-21T12:49:59+00:00\",\"dateModified\":\"2025-06-05T18:05:37+00:00\",\"description\":\"Chris Hannetel, avocat associ\u00e9 chez Inlo Avocats, accompagne les entreprises en fiscalit\u00e9, capital-risque, management packages, restructurations et contentieux fiscal.\",\"breadcrumb\":{\"@id\":\"https:\\\/\\\/www.inlo.fr\\\/en\\\/avocats\\\/chris-hannetel-avocat\\\/#breadcrumb\"},\"inLanguage\":\"en-US\",\"potentialAction\":[{\"@type\":\"ReadAction\",\"target\":[\"https:\\\/\\\/www.inlo.fr\\\/en\\\/avocats\\\/chris-hannetel-avocat\\\/\"]}]},{\"@type\":\"ImageObject\",\"inLanguage\":\"en-US\",\"@id\":\"https:\\\/\\\/www.inlo.fr\\\/en\\\/avocats\\\/chris-hannetel-avocat\\\/#primaryimage\",\"url\":\"https:\\\/\\\/www.inlo.fr\\\/wp-content\\\/uploads\\\/2024\\\/11\\\/Chris-1-scaled.jpg\",\"contentUrl\":\"https:\\\/\\\/www.inlo.fr\\\/wp-content\\\/uploads\\\/2024\\\/11\\\/Chris-1-scaled.jpg\",\"width\":1922,\"height\":2560,\"caption\":\"2024 - PORTRAITS INLO AVOCATS POUR TOUTE PUBLICATION PRESSE CONTACTER L\u2019AUTEUR Photographie par Edouard Monfrais-Albertini \\\/ Hans Lucas. FOR ANY PRESS PUBLICATION, PLEASE CONTACT THE AUTHOR EDOUARD MONFRAIS-ALBERTINI\"},{\"@type\":\"BreadcrumbList\",\"@id\":\"https:\\\/\\\/www.inlo.fr\\\/en\\\/avocats\\\/chris-hannetel-avocat\\\/#breadcrumb\",\"itemListElement\":[{\"@type\":\"ListItem\",\"position\":1,\"name\":\"Accueil\",\"item\":\"https:\\\/\\\/www.inlo.fr\\\/en\\\/\"},{\"@type\":\"ListItem\",\"position\":2,\"name\":\"Chris Hannetel\"}]},{\"@type\":\"WebSite\",\"@id\":\"https:\\\/\\\/www.inlo.fr\\\/#website\",\"url\":\"https:\\\/\\\/www.inlo.fr\\\/\",\"name\":\"Inlo Avocats\",\"description\":\"\",\"potentialAction\":[{\"@type\":\"SearchAction\",\"target\":{\"@type\":\"EntryPoint\",\"urlTemplate\":\"https:\\\/\\\/www.inlo.fr\\\/?s={search_term_string}\"},\"query-input\":{\"@type\":\"PropertyValueSpecification\",\"valueRequired\":true,\"valueName\":\"search_term_string\"}}],\"inLanguage\":\"en-US\"}]}<\/script>\n<!-- \/ Yoast SEO plugin. -->","yoast_head_json":{"title":"Chris Hannetel - Avocat en fiscalit\u00e9 et capital-risque | Inlo Avocats","description":"Chris Hannetel, avocat associ\u00e9 chez Inlo Avocats, accompagne les entreprises en fiscalit\u00e9, capital-risque, management packages, restructurations et contentieux fiscal.","robots":{"index":"index","follow":"follow","max-snippet":"max-snippet:-1","max-image-preview":"max-image-preview:large","max-video-preview":"max-video-preview:-1"},"canonical":"https:\/\/www.inlo.fr\/en\/avocats\/chris-hannetel-avocat\/","og_locale":"en_US","og_type":"article","og_title":"Chris Hannetel - Avocat en fiscalit\u00e9 et capital-risque | Inlo Avocats","og_description":"Chris Hannetel, avocat associ\u00e9 chez Inlo Avocats, accompagne les entreprises en fiscalit\u00e9, capital-risque, management packages, restructurations et contentieux fiscal.","og_url":"https:\/\/www.inlo.fr\/en\/avocats\/chris-hannetel-avocat\/","og_site_name":"Inlo Avocats","article_modified_time":"2025-06-05T18:05:37+00:00","og_image":[{"width":1922,"height":2560,"url":"https:\/\/www.inlo.fr\/wp-content\/uploads\/2024\/11\/Chris-1-scaled.jpg","type":"image\/jpeg"}],"twitter_card":"summary_large_image","twitter_misc":{"Est. reading time":"1 minute"},"schema":{"@context":"https:\/\/schema.org","@graph":[{"@type":"WebPage","@id":"https:\/\/www.inlo.fr\/en\/avocats\/chris-hannetel-avocat\/","url":"https:\/\/www.inlo.fr\/en\/avocats\/chris-hannetel-avocat\/","name":"Chris Hannetel - Avocat en fiscalit\u00e9 et capital-risque | Inlo Avocats","isPartOf":{"@id":"https:\/\/www.inlo.fr\/#website"},"primaryImageOfPage":{"@id":"https:\/\/www.inlo.fr\/en\/avocats\/chris-hannetel-avocat\/#primaryimage"},"image":{"@id":"https:\/\/www.inlo.fr\/en\/avocats\/chris-hannetel-avocat\/#primaryimage"},"thumbnailUrl":"https:\/\/www.inlo.fr\/wp-content\/uploads\/2024\/11\/Chris-1-scaled.jpg","datePublished":"2024-11-21T12:49:59+00:00","dateModified":"2025-06-05T18:05:37+00:00","description":"Chris Hannetel, avocat associ\u00e9 chez Inlo Avocats, accompagne les entreprises en fiscalit\u00e9, capital-risque, management packages, restructurations et contentieux fiscal.","breadcrumb":{"@id":"https:\/\/www.inlo.fr\/en\/avocats\/chris-hannetel-avocat\/#breadcrumb"},"inLanguage":"en-US","potentialAction":[{"@type":"ReadAction","target":["https:\/\/www.inlo.fr\/en\/avocats\/chris-hannetel-avocat\/"]}]},{"@type":"ImageObject","inLanguage":"en-US","@id":"https:\/\/www.inlo.fr\/en\/avocats\/chris-hannetel-avocat\/#primaryimage","url":"https:\/\/www.inlo.fr\/wp-content\/uploads\/2024\/11\/Chris-1-scaled.jpg","contentUrl":"https:\/\/www.inlo.fr\/wp-content\/uploads\/2024\/11\/Chris-1-scaled.jpg","width":1922,"height":2560,"caption":"2024 - PORTRAITS INLO AVOCATS POUR TOUTE PUBLICATION PRESSE CONTACTER L\u2019AUTEUR Photographie par Edouard Monfrais-Albertini \/ Hans Lucas. FOR ANY PRESS PUBLICATION, PLEASE CONTACT THE AUTHOR EDOUARD MONFRAIS-ALBERTINI"},{"@type":"BreadcrumbList","@id":"https:\/\/www.inlo.fr\/en\/avocats\/chris-hannetel-avocat\/#breadcrumb","itemListElement":[{"@type":"ListItem","position":1,"name":"Accueil","item":"https:\/\/www.inlo.fr\/en\/"},{"@type":"ListItem","position":2,"name":"Chris Hannetel"}]},{"@type":"WebSite","@id":"https:\/\/www.inlo.fr\/#website","url":"https:\/\/www.inlo.fr\/","name":"Inlo Avocats","description":"","potentialAction":[{"@type":"SearchAction","target":{"@type":"EntryPoint","urlTemplate":"https:\/\/www.inlo.fr\/?s={search_term_string}"},"query-input":{"@type":"PropertyValueSpecification","valueRequired":true,"valueName":"search_term_string"}}],"inLanguage":"en-US"}]}},"_links":{"self":[{"href":"https:\/\/www.inlo.fr\/en\/wp-json\/wp\/v2\/avocats\/1551","targetHints":{"allow":["GET"]}}],"collection":[{"href":"https:\/\/www.inlo.fr\/en\/wp-json\/wp\/v2\/avocats"}],"about":[{"href":"https:\/\/www.inlo.fr\/en\/wp-json\/wp\/v2\/types\/avocats"}],"author":[{"embeddable":true,"href":"https:\/\/www.inlo.fr\/en\/wp-json\/wp\/v2\/users\/225"}],"version-history":[{"count":1,"href":"https:\/\/www.inlo.fr\/en\/wp-json\/wp\/v2\/avocats\/1551\/revisions"}],"predecessor-version":[{"id":1578,"href":"https:\/\/www.inlo.fr\/en\/wp-json\/wp\/v2\/avocats\/1551\/revisions\/1578"}],"wp:featuredmedia":[{"embeddable":true,"href":"https:\/\/www.inlo.fr\/en\/wp-json\/wp\/v2\/media\/1176"}],"wp:attachment":[{"href":"https:\/\/www.inlo.fr\/en\/wp-json\/wp\/v2\/media?parent=1551"}],"curies":[{"name":"wp","href":"https:\/\/api.w.org\/{rel}","templated":true}]}}

<p>Chris Hannetel is a partner at INLO Avocats specialising in corporate law (venture capital) and taxation.</p>



<p>After practising as a lawyer with Chammas &amp; Marcheteau for four years, he joined INLO Avocats in January 2021. Chris Hannetel is also head of our Marseille office, which he opened in June 2022.</p>



<p>His main area of practice involves assisting clients with venture capital transactions (capital raising), setting up management packages (in particular business creator share subscription warrants (BSPCE)), structuring directors&#8217; remuneration and assets, corporate restructuring (partial contributions of assets, mergers, disposals, etc.) and tax litigation.</p>



<p>Chris holds an LLM in International Taxation and a Master&#8217;s degree in Tax Law from the University of Paris 1 Panthéon-Sorbonne. He is currently a lecturer at HEC Paris.</p>



<p>An accomplished pianist, he is happy to take off his tax hat for a jam session with any musicians who cross his path.</p>

<!-- This site is optimized with the Yoast SEO plugin v27.3 - https://yoast.com/product/yoast-seo-wordpress/ -->
<title>Chris Hannetel - Avocat en fiscalité et capital-risque | Inlo Avocats</title>
<meta name="description" content="Chris Hannetel, avocat associé chez Inlo Avocats, accompagne les entreprises en fiscalité, capital-risque, management packages, restructurations et contentieux fiscal." />
<meta name="robots" content="index, follow, max-snippet:-1, max-image-preview:large, max-video-preview:-1" />
<link rel="canonical" href="https://www.inlo.fr/en/avocats/chris-hannetel-avocat/" />
<meta property="og:locale" content="en_US" />
<meta property="og:type" content="article" />
<meta property="og:title" content="Chris Hannetel - Avocat en fiscalité et capital-risque | Inlo Avocats" />
<meta property="og:description" content="Chris Hannetel, avocat associé chez Inlo Avocats, accompagne les entreprises en fiscalité, capital-risque, management packages, restructurations et contentieux fiscal." />
<meta property="og:url" content="https://www.inlo.fr/en/avocats/chris-hannetel-avocat/" />
<meta property="og:site_name" content="Inlo Avocats" />
<meta property="article:modified_time" content="2025-06-05T18:05:37+00:00" />
<meta property="og:image" content="https://www.inlo.fr/wp-content/uploads/2024/11/Chris-1-scaled.jpg" />
	<meta property="og:image:width" content="1922" />
	<meta property="og:image:height" content="2560" />
	<meta property="og:image:type" content="image/jpeg" />
<meta name="twitter:card" content="summary_large_image" />
<meta name="twitter:label1" content="Est. reading time" />
	<meta name="twitter:data1" content="1 minute" />
<script type="application/ld+json" class="yoast-schema-graph">{"@context":"https:\/\/schema.org","@graph":[{"@type":"WebPage","@id":"https:\/\/www.inlo.fr\/en\/avocats\/chris-hannetel-avocat\/","url":"https:\/\/www.inlo.fr\/en\/avocats\/chris-hannetel-avocat\/","name":"Chris Hannetel - Avocat en fiscalité et capital-risque | Inlo Avocats","isPartOf":{"@id":"https:\/\/www.inlo.fr\/#website"},"primaryImageOfPage":{"@id":"https:\/\/www.inlo.fr\/en\/avocats\/chris-hannetel-avocat\/#primaryimage"},"image":{"@id":"https:\/\/www.inlo.fr\/en\/avocats\/chris-hannetel-avocat\/#primaryimage"},"thumbnailUrl":"https:\/\/www.inlo.fr\/wp-content\/uploads\/2024\/11\/Chris-1-scaled.jpg","datePublished":"2024-11-21T12:49:59+00:00","dateModified":"2025-06-05T18:05:37+00:00","description":"Chris Hannetel, avocat associé chez Inlo Avocats, accompagne les entreprises en fiscalité, capital-risque, management packages, restructurations et contentieux fiscal.","breadcrumb":{"@id":"https:\/\/www.inlo.fr\/en\/avocats\/chris-hannetel-avocat\/#breadcrumb"},"inLanguage":"en-US","potentialAction":[{"@type":"ReadAction","target":["https:\/\/www.inlo.fr\/en\/avocats\/chris-hannetel-avocat\/"]}]},{"@type":"ImageObject","inLanguage":"en-US","@id":"https:\/\/www.inlo.fr\/en\/avocats\/chris-hannetel-avocat\/#primaryimage","url":"https:\/\/www.inlo.fr\/wp-content\/uploads\/2024\/11\/Chris-1-scaled.jpg","contentUrl":"https:\/\/www.inlo.fr\/wp-content\/uploads\/2024\/11\/Chris-1-scaled.jpg","width":1922,"height":2560,"caption":"2024 - PORTRAITS INLO AVOCATS POUR TOUTE PUBLICATION PRESSE CONTACTER L’AUTEUR Photographie par Edouard Monfrais-Albertini \/ Hans Lucas. FOR ANY PRESS PUBLICATION, PLEASE CONTACT THE AUTHOR EDOUARD MONFRAIS-ALBERTINI"},{"@type":"BreadcrumbList","@id":"https:\/\/www.inlo.fr\/en\/avocats\/chris-hannetel-avocat\/#breadcrumb","itemListElement":[{"@type":"ListItem","position":1,"name":"Accueil","item":"https:\/\/www.inlo.fr\/en\/"},{"@type":"ListItem","position":2,"name":"Chris Hannetel"}]},{"@type":"WebSite","@id":"https:\/\/www.inlo.fr\/#website","url":"https:\/\/www.inlo.fr\/","name":"Inlo Avocats","description":"","potentialAction":[{"@type":"SearchAction","target":{"@type":"EntryPoint","urlTemplate":"https:\/\/www.inlo.fr\/?s={search_term_string}"},"query-input":{"@type":"PropertyValueSpecification","valueRequired":true,"valueName":"search_term_string"}}],"inLanguage":"en-US"}]}</script>
<!-- / Yoast SEO plugin. -->

Chris Hannetel - Avocat en fiscalité et capital-risque | Inlo Avocats

Chris Hannetel, avocat associé chez Inlo Avocats, accompagne les entreprises en fiscalité, capital-risque, management packages, restructurations et contentieux fiscal.
