{"id":1560,"date":"2024-11-21T13:10:52","date_gmt":"2024-11-21T13:10:52","guid":{"rendered":"https:\/\/www.inlo.fr\/avocats\/clara-soriano-avocat\/"},"modified":"2025-04-10T14:20:03","modified_gmt":"2025-04-10T14:20:03","slug":"clara-soriano-avocat","status":"publish","type":"avocats","link":"https:\/\/www.inlo.fr\/en\/avocats\/clara-soriano-avocat\/","title":{"rendered":"Clara Soriano"},"content":{"rendered":"\n<p>Clara holds a Master&#8217;s degree in Digital Law and a Master&#8217;s degree in Intellectual Property from the Universit\u00e9 Paris Panth\u00e9on-Sorbonne.<\/p>\n\n\n\n<p>She joined the firm in January 2023 to complete her training as a student lawyer and is continuing this exciting adventure as a lawyer specialising in intellectual property, new technology law, personal data and commercial contracts.<\/p>\n\n\n\n<p>A keen cinema-goer, Clara spends her free time catching up on the latest big-screen releases.<\/p>\n\n\n\n<p><\/p>\n","protected":false},"author":225,"featured_media":1185,"template":"","class_list":["post-1560","avocats","type-avocats","status-publish","has-post-thumbnail","hentry"],"acf":[],"yoast_head":"<!-- This site is optimized with the Yoast SEO plugin v27.3 - https:\/\/yoast.com\/product\/yoast-seo-wordpress\/ -->\n<title>Clara Soriano - Avocate en propri\u00e9t\u00e9 intellectuelle et nouvelles technologies | Inlo Avocats<\/title>\n<meta name=\"description\" content=\"Clara Soriano, avocate chez Inlo Avocats, accompagne ses clients en propri\u00e9t\u00e9 intellectuelle, droit des nouvelles technologies, donn\u00e9es personnelles et contrats commerciaux.\" \/>\n<meta name=\"robots\" content=\"index, follow, max-snippet:-1, max-image-preview:large, max-video-preview:-1\" \/>\n<link rel=\"canonical\" href=\"https:\/\/www.inlo.fr\/en\/avocats\/clara-soriano-avocat\/\" \/>\n<meta property=\"og:locale\" content=\"en_US\" \/>\n<meta property=\"og:type\" content=\"article\" \/>\n<meta property=\"og:title\" content=\"Clara Soriano - Avocate en propri\u00e9t\u00e9 intellectuelle et nouvelles technologies | Inlo Avocats\" \/>\n<meta property=\"og:description\" content=\"Clara Soriano, avocate chez Inlo Avocats, accompagne ses clients en propri\u00e9t\u00e9 intellectuelle, droit des nouvelles technologies, donn\u00e9es personnelles et contrats commerciaux.\" \/>\n<meta property=\"og:url\" content=\"https:\/\/www.inlo.fr\/en\/avocats\/clara-soriano-avocat\/\" \/>\n<meta property=\"og:site_name\" content=\"Inlo Avocats\" \/>\n<meta property=\"article:modified_time\" content=\"2025-04-10T14:20:03+00:00\" \/>\n<meta property=\"og:image\" content=\"https:\/\/www.inlo.fr\/wp-content\/uploads\/2024\/11\/Clara-1-scaled.jpg\" \/>\n\t<meta property=\"og:image:width\" content=\"1922\" \/>\n\t<meta property=\"og:image:height\" content=\"2560\" \/>\n\t<meta property=\"og:image:type\" content=\"image\/jpeg\" \/>\n<meta name=\"twitter:card\" content=\"summary_large_image\" \/>\n<meta name=\"twitter:label1\" content=\"Est. reading time\" \/>\n\t<meta name=\"twitter:data1\" content=\"1 minute\" \/>\n<script type=\"application\/ld+json\" class=\"yoast-schema-graph\">{\"@context\":\"https:\\\/\\\/schema.org\",\"@graph\":[{\"@type\":\"WebPage\",\"@id\":\"https:\\\/\\\/www.inlo.fr\\\/en\\\/avocats\\\/clara-soriano-avocat\\\/\",\"url\":\"https:\\\/\\\/www.inlo.fr\\\/en\\\/avocats\\\/clara-soriano-avocat\\\/\",\"name\":\"Clara Soriano - Avocate en propri\u00e9t\u00e9 intellectuelle et nouvelles technologies | Inlo Avocats\",\"isPartOf\":{\"@id\":\"https:\\\/\\\/www.inlo.fr\\\/#website\"},\"primaryImageOfPage\":{\"@id\":\"https:\\\/\\\/www.inlo.fr\\\/en\\\/avocats\\\/clara-soriano-avocat\\\/#primaryimage\"},\"image\":{\"@id\":\"https:\\\/\\\/www.inlo.fr\\\/en\\\/avocats\\\/clara-soriano-avocat\\\/#primaryimage\"},\"thumbnailUrl\":\"https:\\\/\\\/www.inlo.fr\\\/wp-content\\\/uploads\\\/2024\\\/11\\\/Clara-1-scaled.jpg\",\"datePublished\":\"2024-11-21T13:10:52+00:00\",\"dateModified\":\"2025-04-10T14:20:03+00:00\",\"description\":\"Clara Soriano, avocate chez Inlo Avocats, accompagne ses clients en propri\u00e9t\u00e9 intellectuelle, droit des nouvelles technologies, donn\u00e9es personnelles et contrats commerciaux.\",\"breadcrumb\":{\"@id\":\"https:\\\/\\\/www.inlo.fr\\\/en\\\/avocats\\\/clara-soriano-avocat\\\/#breadcrumb\"},\"inLanguage\":\"en-US\",\"potentialAction\":[{\"@type\":\"ReadAction\",\"target\":[\"https:\\\/\\\/www.inlo.fr\\\/en\\\/avocats\\\/clara-soriano-avocat\\\/\"]}]},{\"@type\":\"ImageObject\",\"inLanguage\":\"en-US\",\"@id\":\"https:\\\/\\\/www.inlo.fr\\\/en\\\/avocats\\\/clara-soriano-avocat\\\/#primaryimage\",\"url\":\"https:\\\/\\\/www.inlo.fr\\\/wp-content\\\/uploads\\\/2024\\\/11\\\/Clara-1-scaled.jpg\",\"contentUrl\":\"https:\\\/\\\/www.inlo.fr\\\/wp-content\\\/uploads\\\/2024\\\/11\\\/Clara-1-scaled.jpg\",\"width\":1922,\"height\":2560,\"caption\":\"2024 - PORTRAITS INLO AVOCATS POUR TOUTE PUBLICATION PRESSE CONTACTER L\u2019AUTEUR Photographie par Edouard Monfrais-Albertini \\\/ Hans Lucas. FOR ANY PRESS PUBLICATION, PLEASE CONTACT THE AUTHOR EDOUARD MONFRAIS-ALBERTINI\"},{\"@type\":\"BreadcrumbList\",\"@id\":\"https:\\\/\\\/www.inlo.fr\\\/en\\\/avocats\\\/clara-soriano-avocat\\\/#breadcrumb\",\"itemListElement\":[{\"@type\":\"ListItem\",\"position\":1,\"name\":\"Accueil\",\"item\":\"https:\\\/\\\/www.inlo.fr\\\/en\\\/\"},{\"@type\":\"ListItem\",\"position\":2,\"name\":\"Clara Soriano\"}]},{\"@type\":\"WebSite\",\"@id\":\"https:\\\/\\\/www.inlo.fr\\\/#website\",\"url\":\"https:\\\/\\\/www.inlo.fr\\\/\",\"name\":\"Inlo Avocats\",\"description\":\"\",\"potentialAction\":[{\"@type\":\"SearchAction\",\"target\":{\"@type\":\"EntryPoint\",\"urlTemplate\":\"https:\\\/\\\/www.inlo.fr\\\/?s={search_term_string}\"},\"query-input\":{\"@type\":\"PropertyValueSpecification\",\"valueRequired\":true,\"valueName\":\"search_term_string\"}}],\"inLanguage\":\"en-US\"}]}<\/script>\n<!-- \/ Yoast SEO plugin. -->","yoast_head_json":{"title":"Clara Soriano - Avocate en propri\u00e9t\u00e9 intellectuelle et nouvelles technologies | Inlo Avocats","description":"Clara Soriano, avocate chez Inlo Avocats, accompagne ses clients en propri\u00e9t\u00e9 intellectuelle, droit des nouvelles technologies, donn\u00e9es personnelles et contrats commerciaux.","robots":{"index":"index","follow":"follow","max-snippet":"max-snippet:-1","max-image-preview":"max-image-preview:large","max-video-preview":"max-video-preview:-1"},"canonical":"https:\/\/www.inlo.fr\/en\/avocats\/clara-soriano-avocat\/","og_locale":"en_US","og_type":"article","og_title":"Clara Soriano - Avocate en propri\u00e9t\u00e9 intellectuelle et nouvelles technologies | Inlo Avocats","og_description":"Clara Soriano, avocate chez Inlo Avocats, accompagne ses clients en propri\u00e9t\u00e9 intellectuelle, droit des nouvelles technologies, donn\u00e9es personnelles et contrats commerciaux.","og_url":"https:\/\/www.inlo.fr\/en\/avocats\/clara-soriano-avocat\/","og_site_name":"Inlo Avocats","article_modified_time":"2025-04-10T14:20:03+00:00","og_image":[{"width":1922,"height":2560,"url":"https:\/\/www.inlo.fr\/wp-content\/uploads\/2024\/11\/Clara-1-scaled.jpg","type":"image\/jpeg"}],"twitter_card":"summary_large_image","twitter_misc":{"Est. reading time":"1 minute"},"schema":{"@context":"https:\/\/schema.org","@graph":[{"@type":"WebPage","@id":"https:\/\/www.inlo.fr\/en\/avocats\/clara-soriano-avocat\/","url":"https:\/\/www.inlo.fr\/en\/avocats\/clara-soriano-avocat\/","name":"Clara Soriano - Avocate en propri\u00e9t\u00e9 intellectuelle et nouvelles technologies | Inlo Avocats","isPartOf":{"@id":"https:\/\/www.inlo.fr\/#website"},"primaryImageOfPage":{"@id":"https:\/\/www.inlo.fr\/en\/avocats\/clara-soriano-avocat\/#primaryimage"},"image":{"@id":"https:\/\/www.inlo.fr\/en\/avocats\/clara-soriano-avocat\/#primaryimage"},"thumbnailUrl":"https:\/\/www.inlo.fr\/wp-content\/uploads\/2024\/11\/Clara-1-scaled.jpg","datePublished":"2024-11-21T13:10:52+00:00","dateModified":"2025-04-10T14:20:03+00:00","description":"Clara Soriano, avocate chez Inlo Avocats, accompagne ses clients en propri\u00e9t\u00e9 intellectuelle, droit des nouvelles technologies, donn\u00e9es personnelles et contrats commerciaux.","breadcrumb":{"@id":"https:\/\/www.inlo.fr\/en\/avocats\/clara-soriano-avocat\/#breadcrumb"},"inLanguage":"en-US","potentialAction":[{"@type":"ReadAction","target":["https:\/\/www.inlo.fr\/en\/avocats\/clara-soriano-avocat\/"]}]},{"@type":"ImageObject","inLanguage":"en-US","@id":"https:\/\/www.inlo.fr\/en\/avocats\/clara-soriano-avocat\/#primaryimage","url":"https:\/\/www.inlo.fr\/wp-content\/uploads\/2024\/11\/Clara-1-scaled.jpg","contentUrl":"https:\/\/www.inlo.fr\/wp-content\/uploads\/2024\/11\/Clara-1-scaled.jpg","width":1922,"height":2560,"caption":"2024 - PORTRAITS INLO AVOCATS POUR TOUTE PUBLICATION PRESSE CONTACTER L\u2019AUTEUR Photographie par Edouard Monfrais-Albertini \/ Hans Lucas. FOR ANY PRESS PUBLICATION, PLEASE CONTACT THE AUTHOR EDOUARD MONFRAIS-ALBERTINI"},{"@type":"BreadcrumbList","@id":"https:\/\/www.inlo.fr\/en\/avocats\/clara-soriano-avocat\/#breadcrumb","itemListElement":[{"@type":"ListItem","position":1,"name":"Accueil","item":"https:\/\/www.inlo.fr\/en\/"},{"@type":"ListItem","position":2,"name":"Clara Soriano"}]},{"@type":"WebSite","@id":"https:\/\/www.inlo.fr\/#website","url":"https:\/\/www.inlo.fr\/","name":"Inlo Avocats","description":"","potentialAction":[{"@type":"SearchAction","target":{"@type":"EntryPoint","urlTemplate":"https:\/\/www.inlo.fr\/?s={search_term_string}"},"query-input":{"@type":"PropertyValueSpecification","valueRequired":true,"valueName":"search_term_string"}}],"inLanguage":"en-US"}]}},"_links":{"self":[{"href":"https:\/\/www.inlo.fr\/en\/wp-json\/wp\/v2\/avocats\/1560","targetHints":{"allow":["GET"]}}],"collection":[{"href":"https:\/\/www.inlo.fr\/en\/wp-json\/wp\/v2\/avocats"}],"about":[{"href":"https:\/\/www.inlo.fr\/en\/wp-json\/wp\/v2\/types\/avocats"}],"author":[{"embeddable":true,"href":"https:\/\/www.inlo.fr\/en\/wp-json\/wp\/v2\/users\/225"}],"version-history":[{"count":1,"href":"https:\/\/www.inlo.fr\/en\/wp-json\/wp\/v2\/avocats\/1560\/revisions"}],"predecessor-version":[{"id":1603,"href":"https:\/\/www.inlo.fr\/en\/wp-json\/wp\/v2\/avocats\/1560\/revisions\/1603"}],"wp:featuredmedia":[{"embeddable":true,"href":"https:\/\/www.inlo.fr\/en\/wp-json\/wp\/v2\/media\/1185"}],"wp:attachment":[{"href":"https:\/\/www.inlo.fr\/en\/wp-json\/wp\/v2\/media?parent=1560"}],"curies":[{"name":"wp","href":"https:\/\/api.w.org\/{rel}","templated":true}]}}

<p>Clara holds a Master&#8217;s degree in Digital Law and a Master&#8217;s degree in Intellectual Property from the Université Paris Panthéon-Sorbonne.</p>



<p>She joined the firm in January 2023 to complete her training as a student lawyer and is continuing this exciting adventure as a lawyer specialising in intellectual property, new technology law, personal data and commercial contracts.</p>



<p>A keen cinema-goer, Clara spends her free time catching up on the latest big-screen releases.</p>



<p></p>

<!-- This site is optimized with the Yoast SEO plugin v27.3 - https://yoast.com/product/yoast-seo-wordpress/ -->
<title>Clara Soriano - Avocate en propriété intellectuelle et nouvelles technologies | Inlo Avocats</title>
<meta name="description" content="Clara Soriano, avocate chez Inlo Avocats, accompagne ses clients en propriété intellectuelle, droit des nouvelles technologies, données personnelles et contrats commerciaux." />
<meta name="robots" content="index, follow, max-snippet:-1, max-image-preview:large, max-video-preview:-1" />
<link rel="canonical" href="https://www.inlo.fr/en/avocats/clara-soriano-avocat/" />
<meta property="og:locale" content="en_US" />
<meta property="og:type" content="article" />
<meta property="og:title" content="Clara Soriano - Avocate en propriété intellectuelle et nouvelles technologies | Inlo Avocats" />
<meta property="og:description" content="Clara Soriano, avocate chez Inlo Avocats, accompagne ses clients en propriété intellectuelle, droit des nouvelles technologies, données personnelles et contrats commerciaux." />
<meta property="og:url" content="https://www.inlo.fr/en/avocats/clara-soriano-avocat/" />
<meta property="og:site_name" content="Inlo Avocats" />
<meta property="article:modified_time" content="2025-04-10T14:20:03+00:00" />
<meta property="og:image" content="https://www.inlo.fr/wp-content/uploads/2024/11/Clara-1-scaled.jpg" />
	<meta property="og:image:width" content="1922" />
	<meta property="og:image:height" content="2560" />
	<meta property="og:image:type" content="image/jpeg" />
<meta name="twitter:card" content="summary_large_image" />
<meta name="twitter:label1" content="Est. reading time" />
	<meta name="twitter:data1" content="1 minute" />
<script type="application/ld+json" class="yoast-schema-graph">{"@context":"https:\/\/schema.org","@graph":[{"@type":"WebPage","@id":"https:\/\/www.inlo.fr\/en\/avocats\/clara-soriano-avocat\/","url":"https:\/\/www.inlo.fr\/en\/avocats\/clara-soriano-avocat\/","name":"Clara Soriano - Avocate en propriété intellectuelle et nouvelles technologies | Inlo Avocats","isPartOf":{"@id":"https:\/\/www.inlo.fr\/#website"},"primaryImageOfPage":{"@id":"https:\/\/www.inlo.fr\/en\/avocats\/clara-soriano-avocat\/#primaryimage"},"image":{"@id":"https:\/\/www.inlo.fr\/en\/avocats\/clara-soriano-avocat\/#primaryimage"},"thumbnailUrl":"https:\/\/www.inlo.fr\/wp-content\/uploads\/2024\/11\/Clara-1-scaled.jpg","datePublished":"2024-11-21T13:10:52+00:00","dateModified":"2025-04-10T14:20:03+00:00","description":"Clara Soriano, avocate chez Inlo Avocats, accompagne ses clients en propriété intellectuelle, droit des nouvelles technologies, données personnelles et contrats commerciaux.","breadcrumb":{"@id":"https:\/\/www.inlo.fr\/en\/avocats\/clara-soriano-avocat\/#breadcrumb"},"inLanguage":"en-US","potentialAction":[{"@type":"ReadAction","target":["https:\/\/www.inlo.fr\/en\/avocats\/clara-soriano-avocat\/"]}]},{"@type":"ImageObject","inLanguage":"en-US","@id":"https:\/\/www.inlo.fr\/en\/avocats\/clara-soriano-avocat\/#primaryimage","url":"https:\/\/www.inlo.fr\/wp-content\/uploads\/2024\/11\/Clara-1-scaled.jpg","contentUrl":"https:\/\/www.inlo.fr\/wp-content\/uploads\/2024\/11\/Clara-1-scaled.jpg","width":1922,"height":2560,"caption":"2024 - PORTRAITS INLO AVOCATS POUR TOUTE PUBLICATION PRESSE CONTACTER L’AUTEUR Photographie par Edouard Monfrais-Albertini \/ Hans Lucas. FOR ANY PRESS PUBLICATION, PLEASE CONTACT THE AUTHOR EDOUARD MONFRAIS-ALBERTINI"},{"@type":"BreadcrumbList","@id":"https:\/\/www.inlo.fr\/en\/avocats\/clara-soriano-avocat\/#breadcrumb","itemListElement":[{"@type":"ListItem","position":1,"name":"Accueil","item":"https:\/\/www.inlo.fr\/en\/"},{"@type":"ListItem","position":2,"name":"Clara Soriano"}]},{"@type":"WebSite","@id":"https:\/\/www.inlo.fr\/#website","url":"https:\/\/www.inlo.fr\/","name":"Inlo Avocats","description":"","potentialAction":[{"@type":"SearchAction","target":{"@type":"EntryPoint","urlTemplate":"https:\/\/www.inlo.fr\/?s={search_term_string}"},"query-input":{"@type":"PropertyValueSpecification","valueRequired":true,"valueName":"search_term_string"}}],"inLanguage":"en-US"}]}</script>
<!-- / Yoast SEO plugin. -->

Clara Soriano - Avocate en propriété intellectuelle et nouvelles technologies | Inlo Avocats

Clara Soriano, avocate chez Inlo Avocats, accompagne ses clients en propriété intellectuelle, droit des nouvelles technologies, données personnelles et contrats commerciaux.
